factor of 1446508 and 32452.
532
Calculate the highest common divisor of 1120 and 83040.
160
What is the highest common factor of 1407 and 3490633?
67
Calculate the greatest common factor of 831964369 and 337.
337
Calculate the highest common divisor of 2183904 and 576.
288
Calculate the greatest common factor of 165 and 1400344.
11
What is the highest common factor of 552602745 and 279?
279
What is the highest common factor of 175314130 and 80?
10
Calculate the greatest common factor of 24068 and 21711524.
2188
What is the highest common factor of 41104 and 16528?
16
What is the highest common factor of 529 and 221329?
23
Calculate the greatest common factor of 1203069 and 14042.
413
What is the greatest common divisor of 2646 and 11468016?
126
Calculate the highest common factor of 30573636 and 3204.
1068
What is the highest common divisor of 9748 and 2572?
4
Calculate the greatest common divisor of 4418 and 132728.
94
Calculate the highest common divisor of 1824907 and 23275.
49
What is the greatest common factor of 1295 and 3382910?
185
What is the highest common divisor of 92 and 667322?
46
What is the highest common divisor of 1630368 and 4624?
272
Calculate the greatest common factor of 2741212 and 24838.
2258
What is the highest common factor of 195 and 3680085?
15
Calculate the greatest common divisor of 23550030 and 5.
5
Calculate the highest common factor of 385696835 and 908.
227
What is the highest common factor of 767592350 and 12975?
4325
Calculate the greatest common divisor of 50 and 2158330.
10
What is the highest common factor of 212394 and 127203?
1167
What is the greatest common factor of 22633156 and 546?
182
Calculate the greatest common factor of 1462468 and 14896.
532
What is the highest common factor of 51318 and 4322?
2
Calculate the highest common divisor of 97745805 and 35.
5
Calculate the highest common divisor of 1084189 and 53563.
1847
Calculate the highest common divisor of 18 and 9529578.
18
What is the greatest common divisor of 3968978148 and 36?
36
Calculate the highest common divisor of 24 and 152586528.
24
Calculate the greatest common divisor of 2361149 and 259.
7
Calculate the greatest common factor of 205190 and 140651.
71
Calculate the highest common factor of 19613569 and 3494.
1747
What is the greatest common divisor of 30 and 4200246?
6
What is the greatest common divisor of 2124 and 3235788?
36
What is the greatest common factor of 20 and 19091300?
20
What is the greatest common divisor of 50445 and 29127?
57
What is the greatest common factor of 32149134 and 2682?
2682
What is the greatest common factor of 7811 and 1765213?
73
Calculate the highest common divisor of 7 and 45488149.
7
What is the greatest common factor of 57861286 and 14?
14
Calculate the greatest common divisor of 80 and 22308544.
16
Calculate the greatest common factor of 42 and 1440866.
14
Calculate the greatest common factor of 43212000 and 936.
312
Calculate the greatest common divisor of 13737529 and 3244.
811
What is the highest common factor of 79060 and 115640?
1180
What is the highest common factor of 69103 and 17841?
19
What is the highest common divisor of 756 and 3350396?
28
What is the highest common divisor of 831609 and 1305?
9
Calculate the highest common factor of 7600500 and 65308.
2252
What is the highest common divisor of 33 and 11738001?
33
Calculate the highest common factor of 31524 and 95164.
148
Calculate the highest common divisor of 15077728 and 64.
32
Calculate the highest common factor of 22829610 and 2689.
2689
Calculate the highest common divisor of 44092 and 7775896.
604
What is the highest common divisor of 154 and 20770470?
14
Calculate the highest common factor of 118625 and 329303.
949
What is the greatest common divisor of 1695 and 207807?
339
What is the greatest common divisor of 799988 and 60788?
28
What is the highest common factor of 5022 and 48394503?
2511
What is the greatest common factor of 885 and 28155685?
295
Calculate the greatest common factor of 24640 and 27245120.
2240
What is the highest common divisor of 596600 and 6157900?
1900
What is the highest common factor of 3388 and 43933043?
847
What is the greatest common divisor of 58876177 and 58?
29
Calculate the highest common factor of 4865142 and 246.
246
What is the greatest common factor of 13733 and 6369539?
31
What is the highest common factor of 16462350 and 27?
9
What is the greatest common divisor of 111 and 26198775?
111
What is the greatest common divisor of 584452 and 19006537?
3949
What is the greatest common factor of 540 and 131112?
108
What is the highest common factor of 19865405 and 3?
1
What is the highest common factor of 257 and 1658?
1
Calculate the highest common divisor of 6400512 and 408.
24
Calculate the greatest common divisor of 150 and 27544830.
30
What is the greatest common factor of 509123714 and 242?
242
Calculate the highest common factor of 1566 and 1034343.
783
Calculate the greatest common divisor of 1195 and 498264093.
239
What is the highest common factor of 477 and 16755367?
53
Calculate the greatest common divisor of 502461 and 333.
9
What is the highest common divisor of 523420783 and 1844?
461
What is the highest common divisor of 186 and 476894514?
186
What is the highest common divisor of 199 and 3147583?
199
What is the greatest common divisor of 898188 and 124468?
3364
Calculate the highest common factor of 231440904 and 18.
18
Calculate the greatest common divisor of 100000 and 1471200.
800
What is the greatest common divisor of 1041 and 218721387?
1041
Calculate the greatest common factor of 582194 and 885998.
194
What is the highest common divisor of 176 and 454234979?
11
What is the highest common factor of 57815 and 104217319?
11563
What is the highest common factor of 121475851 and 237?
79
Calculate the highest common divisor of 1124122 and 682.
62
Calculate the highest common divisor of 156684219 and 6.
3
What is the highest common factor of 2480 and 5829240?
1240
What is the greatest common divisor of 72 and 36455076?
36
Calculate the highest common divisor of 732 and 86639093.
61
What is the greatest common divisor of 7600 and 135299?
19
Calculate the greatest common factor of 2489033 and 118.
59
What is the highest common divisor of 18584194 and 10512?
146
What is the highest common divisor of 8010032 and 277733?
1769
Calculate the greatest common factor of 3535 and 10535.
35
What is the greatest common factor of 50 and 55403750?
50
What is the greatest common divisor of 2841176 and 92072?
136
Calculate the greatest common factor of 117 and 6053736.
39
What is the highest common divisor of 315081486 and 13878?
4626
What is the highest common divisor of 660 and 5137440?
660
Calculate the highest common divisor of 3532620 and 52416.
1092
What is the greatest common divisor of 527 and 57731269?
527
Calculate the greatest common divisor of 1564 and 44311639.
391
What is the highest common factor of 28 and 390051865?
7
Calculate the greatest common divisor of 34557922 and 2394.
266
Calculate the greatest common factor of 5 and 2941607315.
5
What is the greatest common factor of 197 and 21346329?
197
Calculate the highest common divisor of 39934 and 4674.
82
Calculate the highest common divisor of 41706 and 119924.
14
Calculate the greatest common factor of 48 and 3256536.
24
Calculate the greatest common divisor of 39627 and 31709.
37
What is the highest common factor of 326738 and 578726?
46
What is the greatest common divisor of 7128549 and 9?
9
What is the greatest common factor of 1122620 and 7?
1
Calculate the highest common factor of 15927179 and 27909.
443
Calculate the highest common divisor of 1001 and 389584272.
77
Calculate the highest common factor of 91403760 and 215824.
4592
Calculate the highest common factor of 31716 and 50594068.
3524
Calculate the greatest common factor of 79167256 and 139020.
9268
What is the highest common factor of 17935580 and 37565?
3415
Calculate the highest common factor of 925344 and 22008.
168
What is the highest common divisor of 8146875 and 224202?
2607
What is the highest common factor of 1840 and 38065?
115
What is the highest common divisor of 100217920 and 760?
40
Calculate the highest common divisor of 42 and 297834.
6
Wha